{"id":112,"date":"2012-03-22T12:24:50","date_gmt":"2012-03-22T11:24:50","guid":{"rendered":"http:\/\/rcmsc.de\/cms\/?page_id=112"},"modified":"2023-11-27T11:02:42","modified_gmt":"2023-11-27T10:02:42","slug":"impressum","status":"publish","type":"page","link":"https:\/\/www.rcmsc.de\/cms\/impressum\/","title":{"rendered":"Impressum"},"content":{"rendered":"<h2><span style=\"font-size: medium;\">Vereinsgel\u00e4nde<\/span><\/h2>\n<p><strong>RC-MSC Greuthof e.V.<\/strong><br \/>\nTeichstra\u00dfe<br \/>\n71543 W\u00fcstenrot-Greuthof<\/p>\n<p><a href=\"mailto:info@rcmsc-greuthof.de\">info@rcmsc-greuthof.de<\/a><\/p>\n<h2><span style=\"font-size: medium;\">Vorstand<\/span><\/h2>\n<p><strong>Fredy Dietrich<\/strong><br \/>\nR\u00f6merstr. 3<br \/>\n73479 Ellwangen-Pfahlheim<\/p>\n<p>Tel.: 07965 \/ 3648012<\/p>\n<p><a href=\"mailto:fredy.dietrich@rcmsc-greuthof.de\">fredy.dietrich@rcmsc-greuthof.de<\/a><\/p>\n<h2><span style=\"font-size: medium;\">Webmaster<\/span><\/h2>\n<p><strong>Johannes Weber<\/strong><br \/>\nMaienfelser Weg 11<br \/>\n71543 W\u00fcstenrot-Oberheimbach<\/p>\n<p><a href=\"mailto:johannes.weber@rcmsc-greuthof.de\">johannes.weber@rcmsc-greuthof.de<\/a><\/p>\n<p><a href=\"http:\/\/www.jweber-foto.de\/\" target=\"_blank\" rel=\"noopener\"><span style=\"text-decoration: underline;\">&gt;&gt;www.jweber-foto.de<\/span><\/a><\/p>\n<h2><span style=\"font-size: medium;\">Disclaimer<\/span><\/h2>\n<p>Mit Urteil vom 12. Mai 1998 hat das Landgericht Hamburg entschieden,<br \/>\ndass man durch die Ausbringung eines Links die Inhalte der gelinkten<br \/>\nSeite gegebenenfalls mit zu verantworten hat. Dies kann \u2013 so das LG &#8211;<br \/>\nnur dadurch verhindert werden, dass man sich ausdr\u00fccklich von diesen<br \/>\nInhalten distanziert.<br \/>\nDiese Homepage \u00a0enth\u00e4lt Links zu externen Webseiten Dritter, auf deren Inhalte\u00a0wir keinen Einfluss haben. Deshalb k\u00f6nnen wir f\u00fcr diese fremden Inhalte auch keine Gew\u00e4hr \u00fcbernehmen. F\u00fcr die Inhalte der verlinkten Seiten ist stets der jeweilige Anbieter oder Betreiber der Seiten verantwortlich. Die verlinkten Seiten wurden zum Zeitpunkt der Verlinkung auf m\u00f6gliche Rechtsverst\u00f6\u00dfe \u00fcberpr\u00fcft. Rechtswidrige Inhalte waren zum Zeitpunkt der Verlinkung nicht erkennbar. Eine permanente inhaltliche Kontrolle der verlinkten Seiten ist jedoch ohne konkrete Anhaltspunkte einer Rechtsverletzung nicht zumutbar. Bei bekannt werden von Rechtsverletzungen werden wir derartige Links umgehend entfernen.<\/p>\n","protected":false},"excerpt":{"rendered":"<p>Vereinsgel\u00e4nde RC-MSC Greuthof e.V. Teichstra\u00dfe 71543 W\u00fcstenrot-Greuthof info@rcmsc-greuthof.de Vorstand Fredy Dietrich R\u00f6merstr. 3 73479 Ellwangen-Pfahlheim Tel.: 07965 \/ 3648012 fredy.dietrich@rcmsc-greuthof.de Webmaster Johannes Weber Maienfelser Weg 11 71543 W\u00fcstenrot-Oberheimbach johannes.weber@rcmsc-greuthof.de &gt;&gt;www.jweber-foto.de Disclaimer Mit Urteil vom 12. Mai 1998 hat das Landgericht Hamburg entschieden, dass man &hellip; <a class=\"kt-excerpt-readmore\" href=\"https:\/\/www.rcmsc.de\/cms\/impressum\/\" aria-label=\"Impressum\">Weiterlesen<\/a><\/p>\n","protected":false},"author":2,"featured_media":0,"parent":0,"menu_order":0,"comment_status":"open","ping_status":"open","template":"","meta":{"kt_blocks_editor_width":"","footnotes":""},"class_list":["post-112","page","type-page","status-publish","hentry"],"_links":{"self":[{"href":"https:\/\/www.rcmsc.de\/cms\/wp-json\/wp\/v2\/pages\/112","targetHints":{"allow":["GET"]}}],"collection":[{"href":"https:\/\/www.rcmsc.de\/cms\/wp-json\/wp\/v2\/pages"}],"about":[{"href":"https:\/\/www.rcmsc.de\/cms\/wp-json\/wp\/v2\/types\/page"}],"author":[{"embeddable":true,"href":"https:\/\/www.rcmsc.de\/cms\/wp-json\/wp\/v2\/users\/2"}],"replies":[{"embeddable":true,"href":"https:\/\/www.rcmsc.de\/cms\/wp-json\/wp\/v2\/comments?post=112"}],"version-history":[{"count":1,"href":"https:\/\/www.rcmsc.de\/cms\/wp-json\/wp\/v2\/pages\/112\/revisions"}],"predecessor-version":[{"id":3342,"href":"https:\/\/www.rcmsc.de\/cms\/wp-json\/wp\/v2\/pages\/112\/revisions\/3342"}],"wp:attachment":[{"href":"https:\/\/www.rcmsc.de\/cms\/wp-json\/wp\/v2\/media?parent=112"}],"curies":[{"name":"wp","href":"https:\/\/api.w.org\/{rel}","templated":true}]}}