{"id":3467,"date":"2024-03-24T16:30:46","date_gmt":"2024-03-24T15:30:46","guid":{"rendered":"https:\/\/www.rcmsc.de\/cms\/?page_id=3467"},"modified":"2024-04-10T20:48:11","modified_gmt":"2024-04-10T18:48:11","slug":"rck-kleinserie-12-05-2024","status":"publish","type":"page","link":"https:\/\/www.rcmsc.de\/cms\/rck-kleinserie-12-05-2024\/","title":{"rendered":"RCK Kleinserie 12.05.2024"},"content":{"rendered":"\n<figure class=\"wp-block-image size-large\"><img loading=\"lazy\" decoding=\"async\" width=\"1500\" height=\"844\" src=\"https:\/\/www.rcmsc.de\/cms\/wp-content\/uploads\/2024\/04\/Kleinserie_Infoseite_Header-edited.jpg\" alt=\"\" class=\"wp-image-3502\" srcset=\"https:\/\/www.rcmsc.de\/cms\/wp-content\/uploads\/2024\/04\/Kleinserie_Infoseite_Header-edited.jpg 1500w, https:\/\/www.rcmsc.de\/cms\/wp-content\/uploads\/2024\/04\/Kleinserie_Infoseite_Header-edited-300x169.jpg 300w, https:\/\/www.rcmsc.de\/cms\/wp-content\/uploads\/2024\/04\/Kleinserie_Infoseite_Header-edited-1200x675.jpg 1200w, https:\/\/www.rcmsc.de\/cms\/wp-content\/uploads\/2024\/04\/Kleinserie_Infoseite_Header-edited-768x432.jpg 768w\" sizes=\"auto, (max-width: 1500px) 100vw, 1500px\" \/><\/figure>\n\n\n\n<p>Am Wochenende des 11.-12. Mai 2024 findet auf der permanenten Rennstrecke des RC-MSC Greuthof in W\u00fcstenrot-Greuthof zum ersten Mal ein Lauf der RCK Kleinserie statt. Die Kleinserie ist eine der beiden RC Kleinkram Rennserien und zielt mit ihrer Klassenauswahl auf das untere und mittlere Preissegment der zu fahrenden Chassis ab. Gerade der Einstieg und Start in die Porsche Cup Klasse ist dabei sehr preisg\u00fcnstig.<\/p>\n\n\n\n<p><span style=\"text-decoration: underline;\"><strong><span style=\"font-size: medium; color: #1b8be0; text-decoration: underline;\">Aktuelles<\/span><\/strong><\/span><\/p>\n\n\n\n<ul class=\"wp-block-list\">\n<li>Nennschluss am 09.05.2024<\/li>\n\n\n\n<li>Training mit Zeitnahme bereits ab Samstagmorgen 11:00 Uhr (11.05.) gegen Trainingsgeb\u00fchr m\u00f6glich<\/li>\n\n\n\n<li>Bitte gebt bei der Nennung auch eure alternativen Transpondernummern an (Regenauto etc.)<\/li>\n\n\n\n<li>Leihtransponder sind in sehr begrenztem Umfang vorhanden. Solltet ihr einen Leihtransponder ben\u00f6tigen meldet euch am besten im Vorfeld unter johannes.weber@rcmsc-greuthof.de<\/li>\n\n\n\n<li>Bei der An- und Abfahrt zur Rennstrecke ist in der Teichstra\u00dfe Schrittgeschwindigkeit zu fahren. In diesem Bereich spielen regelm\u00e4\u00dfig Kinder. Nichtbeachtung dieser Anweisung f\u00fchrt zum Ausschluss aus der Veranstaltung und zu einem Hausverbot auf unserem Vereinsgel\u00e4nde!<\/li>\n<\/ul>\n\n\n\n<p><span style=\"text-decoration: underline;\"><strong><span style=\"font-size: medium; color: #1b8be0; text-decoration: underline;\">Reglement und Klassen<\/span><\/strong><\/span><\/p>\n\n\n\n<p>Das RCK Kleinserie Reglement findet sich <a href=\"https:\/\/www.rck-solutions.de\/https:\/\/www.rck-solutions.de\/index.php?id=82\" target=\"_blank\" rel=\"noreferrer noopener\">&gt;&gt;hier<\/a><\/p>\n\n\n\n<p style=\"text-decoration:underline\"><span style=\"text-decoration: underline;\"><strong><span style=\"font-size: medium; color: #1b8be0; text-decoration: underline;\">Ausschreibung und Nennung<\/span><\/strong><\/span><\/p>\n\n\n\n<p><a href=\"https:\/\/kleinserie.rck-solutions.de\/indexgo.php\" target=\"_blank\" rel=\"noreferrer noopener\">&gt;&gt;zur Nennung<\/a><\/p>\n\n\n\n<p><a href=\"https:\/\/kleinserie.rck-solutions.de\/indexgo.php\" target=\"_blank\" rel=\"noreferrer noopener\">&gt;&gt;zur Ausschreibung<\/a><\/p>\n\n\n\n<p><span style=\"text-decoration: underline;\"><strong><span style=\"font-size: medium; color: #1b8be0; text-decoration: underline;\">Parkpl\u00e4tze<\/span><\/strong><\/span><\/p>\n\n\n\n<p>Die Parkplatzsituation an unserer Strecke ist bei gr\u00f6\u00dferen Veranstaltungen aufgrund der zur Verf\u00fcgung stehenden Fl\u00e4chen meist etwas angespannt. Die geschotterte Fl\u00e4che zwischen Waldweg und der Pavillonstellfl\u00e4che kann zum Parken benutzt werden. Bitte einigerma\u00dfen platzsparend parken und darauf achten, dass der Weg hinter den abgestellten Fahrzeugen frei bleibt. Zus\u00e4tzlich kann die Wiese unterhalb als Parkplatz genutzt werden.<\/p>\n\n\n\n<p>Vom wilden Parken au\u00dferhalb der markierten Fl\u00e4chen bitten wir auch aus R\u00fccksicht auf die Anwohner m\u00f6glichst abzusehen. Bisher haben wir immer alle Fahrzeuge gut untergebracht.<\/p>\n\n\n\n<p><span style=\"text-decoration: underline;\"><strong><span style=\"font-size: medium; color: #1b8be0; text-decoration: underline;\">Fahrerlager\/Verpflegung<\/span><\/strong><\/span><\/p>\n\n\n\n<ul class=\"wp-block-list\">\n<li>Die Anzahl der Pl\u00e4tze in unserem \u00fcberdachten Fahrerlager ist sehr begrenzt. <strong>Bitte bringt einen Pavillon, Stuhl und Tisch selbst mit. Ein Verl\u00e4ngerungskabel f\u00fcr die Stromversorgung ist ebenso notwendig. Zur Not stehen Biertischgarnituren als Sitz- und Arbeitsgelegenheiten zur Verf\u00fcgung<\/strong><\/li>\n\n\n\n<li>230V-Anschl\u00fcsse sind ausreichend vorhanden, evtl. Mehrfachstecker o.\u00e4. mitbringen<\/li>\n\n\n\n<li>WCs an der Strecke vorhanden.<\/li>\n\n\n\n<li>f\u00fcr die Bewirtung der Veranstaltung am Samstag und Sonntag ist bestens gesorgt<\/li>\n\n\n\n<li>\u00dcbersicht Vereinsgel\u00e4nde:<\/li>\n<\/ul>\n\n\n\n<figure class=\"wp-block-image size-large\"><img loading=\"lazy\" decoding=\"async\" width=\"1186\" height=\"1024\" src=\"https:\/\/www.rcmsc.de\/cms\/wp-content\/uploads\/2022\/05\/Karte_Greuthof_Strecke_V5-1186x1024.jpg\" alt=\"\" class=\"wp-image-2635\" srcset=\"https:\/\/www.rcmsc.de\/cms\/wp-content\/uploads\/2022\/05\/Karte_Greuthof_Strecke_V5-1186x1024.jpg 1186w, https:\/\/www.rcmsc.de\/cms\/wp-content\/uploads\/2022\/05\/Karte_Greuthof_Strecke_V5-300x259.jpg 300w, https:\/\/www.rcmsc.de\/cms\/wp-content\/uploads\/2022\/05\/Karte_Greuthof_Strecke_V5-768x663.jpg 768w, https:\/\/www.rcmsc.de\/cms\/wp-content\/uploads\/2022\/05\/Karte_Greuthof_Strecke_V5-1536x1326.jpg 1536w, https:\/\/www.rcmsc.de\/cms\/wp-content\/uploads\/2022\/05\/Karte_Greuthof_Strecke_V5.jpg 2000w\" sizes=\"auto, (max-width: 1186px) 100vw, 1186px\" \/><\/figure>\n\n\n\n<h2 class=\"wp-block-heading\"><span style=\"text-decoration: underline;\"><strong><span style=\"font-size: medium; color: #1b8be0; text-decoration: underline;\">Rennablauf<\/span><\/strong><\/span><\/h2>\n\n\n\n<ul class=\"wp-block-list\">\n<li><strong>Samstag 11.05<\/strong>\n<ul class=\"wp-block-list\">\n<li>freies Training bzw. bei gen\u00fcgend anwesenden Teilnehmern bereits Training in Gruppen<\/li>\n<\/ul>\n<\/li>\n\n\n\n<li><strong>Sonntag 12.05<\/strong>\n<ul class=\"wp-block-list\">\n<li>Freies Training<\/li>\n\n\n\n<li>Fahrerbesprechung um 9:30 Uhr<\/li>\n\n\n\n<li>3 Vorl\u00e4ufe<\/li>\n\n\n\n<li>3 Finall\u00e4ufe<\/li>\n<\/ul>\n<\/li>\n\n\n\n<li><strong>Vorl\u00e4ufe<\/strong>\n<ul class=\"wp-block-list\">\n<li>Bei der \u201enoch 30 Sekunden\u201c-Ansage sollten die Fahrzeuge zum Vorstart vor dem Fahrerstand gefahren werden.<\/li>\n\n\n\n<li>Einzelstart erfolgt nach Aufruf der Startnummer \u201eStart frei f\u00fcr 1\u201c etc.<\/li>\n\n\n\n<li>Die eigene Uhr z\u00e4hlt erst ab \u00dcberfahren der Zeitschleife<\/li>\n<\/ul>\n<\/li>\n\n\n\n<li><strong>Finall\u00e4ufe<\/strong>\n<ul class=\"wp-block-list\">\n<li>Startaufstellung auf der unteren Geraden vor dem Zeitnahmeh\u00e4uschen<\/li>\n\n\n\n<li>Start erfolgt \u00fcber Countdown und das \u00fcbliche Hupen-Signal<\/li>\n<\/ul>\n<\/li>\n\n\n\n<li><strong>Technische Abnahme<\/strong>\n<ul class=\"wp-block-list\">\n<li>Die Technische Abnahme der Fahrzeuge erfolgt <span style=\"text-decoration: underline;\">vor<\/span> dem jeweiligen Lauf<\/li>\n\n\n\n<li>Entsprechend vorher bei der technischen Abnahme das Fahrzeug bereitstellen<\/li>\n\n\n\n<li>Wir fahren im Vollautomatik Modus der Zeitnahme \u2013 kein Warten falls Teilnehmer nicht rechtzeitig am Start stehen. Plant also bitte etwas Puffer f\u00fcr die technische Abnahme ein<\/li>\n\n\n\n<li>Spannungsmessger\u00e4t und Waage liegen zum Vorabtesten bereit<\/li>\n<\/ul>\n<\/li>\n\n\n\n<li><strong>Fahrerstand<\/strong>\n<ul class=\"wp-block-list\">\n<li>Vor dem Betreten des Fahrerstandes bitte warten bis alle Fahrer der vorherigen Gruppe den Fahrerstand verlassen haben<\/li>\n<\/ul>\n<\/li>\n\n\n\n<li><strong>Helfer machen<\/strong>\n<ul class=\"wp-block-list\">\n<li>Die Helferpositionen sind entsprechend mit Nummern ausgeschildert<\/li>\n\n\n\n<li>Wird eine Helferposition auch nach Aufruf nicht eingenommen bzw. nicht f\u00fcr Ersatz gesorgt f\u00fchrt dies zur Streichung des gefahrenen Laufes!<\/li>\n<\/ul>\n<\/li>\n<\/ul>\n\n\n\n<p><span style=\"text-decoration: underline;\"><strong><span style=\"font-size: medium; color: #1b8be0; text-decoration: underline;\">\u00dcbernachtungsm\u00f6glichkeiten<\/span><\/strong><\/span><\/p>\n\n\n\n<p>Hotel Cafe Waldeck &#8211; Neulautern (ca. 4km entfernt)<\/p>\n\n\n\n<p>Hotel Restaurant Caf\u00e9 Sch\u00f6nblick &#8211; W\u00fcstenrot (ca. 6km entfernt)<\/p>\n\n\n\n<p>Raitelberg Resort &#8211; W\u00fcstenrot (ca. 6km entfernt)<\/p>\n\n\n\n<p><span style=\"text-decoration: underline;\"><strong><span style=\"font-size: medium; color: #1b8be0; text-decoration: underline;\">Anfahrt<\/span><\/strong><\/span><\/p>\n\n\n\n<p><strong>Google Maps Ort:<\/strong> <a href=\"https:\/\/goo.gl\/maps\/AjhGpr26818b7v6B9\" target=\"_blank\" rel=\"noopener\">https:\/\/goo.gl\/maps\/AjhGpr26818b7v6B9&nbsp;<\/a><\/p>\n\n\n<style>.kb-google-maps-container3467_b65f73-0a{height:450px;}<\/style><div class=\"kb-google-maps-container kb-google-maps-container3467_b65f73-0a  wp-block-kadence-googlemaps\" data-mapid=\"3467_b65f730a\"><iframe width=\"100%\" height=\"100%\"\n\t\t\t\t\t\t\tstyle=\"border:0\" loading=\"lazy\"\n\t\t\t\t\t\t\tsrc=\"https:\/\/www.google.com\/maps\/embed\/v1\/place?key=AIzaSyBAM2o7PiQqwk15LC1XRH2e_KJ-jUa7KYk&#038;zoom=12&#038;maptype=roadmap&#038;q=RC-MSC+Greuthof+Rennstrecke\"\n\t\t\t\t\t\t\ttitle=\"Google-Karte f\u00fcr RC-MSC Greuthof Rennstrecke\"><\/iframe><\/div><script>function kb_google_map3467_b65f730a() { let center = { lat: 37.8201, lng: -122.4781}; let map = new google.maps.Map(document.getElementById(\"kb-google-map3467_b65f730a\"), {\n\t\t\t\t\t    zoom: 12,\n\t\t\t\t\t    center: center,});let marker = new google.maps.Marker({   position: { lat: 37.8201, lng: -122.4781},    map: map,  });}<\/script>\n\n\n<p><strong>vom Autobahnkreuz Weinsberg\/von Heilbronn:<\/strong> Abfahrt Ellhofen auf<br>B39 Richtung L\u00f6wenstein, Nach L\u00f6wenstein rechts abbiegen auf L1066<br>Richtung Neulautern In Lohm\u00fchle links abbiegen auf K2098 Richtung<br>Stangenbach Am Ortseingang Stangenbach links in Greuthofstra\u00dfe<br>einbiegen Am Stra\u00dfenende nach rechts weiterfahren der Stra\u00dfe bis<br>zum&nbsp;Waldrand folgen, dann ist linkerhand die Strecke.<\/p>\n\n\n\n<p><strong>von Schw\u00e4bisch Hall:&nbsp;<\/strong>von Schw\u00e4bisch Hall auf B14 Richtung<br>Mainhardt\/Heilbronn Nach Mainhardt rechts abbiegen auf B39 Richtung<br>W\u00fcstenrot\/Heilbronn Bei Weihenbronn links abbiegen auf L1090 nach<br>W\u00fcstenrot Ortsende W\u00fcstenrot rechts abbiegen in<br>Sch\u00f6nblickstra\u00dfe\/K2098 nach Stangenbach Ortsausgang Stangenbach<br>rechts nach Greuthof abbiegen<\/p>\n\n\n\n<p><strong>Koordinaten f\u00fcr\u00b4s Navi:<\/strong><br>49.082995, 9.426624<\/p>\n\n\n<div class=\"wp-block-image\">\n<figure class=\"alignleft\"><a href=\"http:\/\/www.rcmsc.de\/cms\/wp-content\/uploads\/2012\/03\/greut_anfahrt_1ql6r.png\"><img loading=\"lazy\" decoding=\"async\" width=\"500\" height=\"500\" src=\"http:\/\/www.rcmsc.de\/cms\/wp-content\/uploads\/2012\/03\/greut_anfahrt_1ql6r.png\" alt=\"\" class=\"wp-image-159\" title=\"greut_anfahrt_1ql6r\" srcset=\"https:\/\/www.rcmsc.de\/cms\/wp-content\/uploads\/2012\/03\/greut_anfahrt_1ql6r.png 500w, https:\/\/www.rcmsc.de\/cms\/wp-content\/uploads\/2012\/03\/greut_anfahrt_1ql6r-150x150.png 150w, https:\/\/www.rcmsc.de\/cms\/wp-content\/uploads\/2012\/03\/greut_anfahrt_1ql6r-300x300.png 300w\" sizes=\"auto, (max-width: 500px) 100vw, 500px\" \/><\/a><\/figure>\n<\/div>\n\n<div class=\"wp-block-image\">\n<figure class=\"alignleft\"><a href=\"http:\/\/www.rcmsc.de\/cms\/wp-content\/uploads\/2012\/03\/greut_anfahrt_2lytl.png\"><img loading=\"lazy\" decoding=\"async\" width=\"500\" height=\"500\" src=\"http:\/\/www.rcmsc.de\/cms\/wp-content\/uploads\/2012\/03\/greut_anfahrt_2lytl.png\" alt=\"\" class=\"wp-image-158\" title=\"greut_anfahrt_2lytl\" srcset=\"https:\/\/www.rcmsc.de\/cms\/wp-content\/uploads\/2012\/03\/greut_anfahrt_2lytl.png 500w, https:\/\/www.rcmsc.de\/cms\/wp-content\/uploads\/2012\/03\/greut_anfahrt_2lytl-150x150.png 150w, https:\/\/www.rcmsc.de\/cms\/wp-content\/uploads\/2012\/03\/greut_anfahrt_2lytl-300x300.png 300w\" sizes=\"auto, (max-width: 500px) 100vw, 500px\" \/><\/a><\/figure>\n<\/div>","protected":false},"excerpt":{"rendered":"<p>Am Wochenende des 11.-12. Mai 2024 findet auf der permanenten Rennstrecke des RC-MSC Greuthof in W\u00fcstenrot-Greuthof zum ersten Mal ein Lauf der RCK Kleinserie statt. Die Kleinserie ist eine der beiden RC Kleinkram Rennserien und zielt mit ihrer Klassenauswahl auf das untere und mittlere &hellip; <a class=\"kt-excerpt-readmore\" href=\"https:\/\/www.rcmsc.de\/cms\/rck-kleinserie-12-05-2024\/\" aria-label=\"RCK Kleinserie 12.05.2024\">Weiterlesen<\/a><\/p>\n","protected":false},"author":2,"featured_media":3500,"parent":0,"menu_order":0,"comment_status":"closed","ping_status":"closed","template":"","meta":{"kt_blocks_editor_width":"","footnotes":""},"class_list":["post-3467","page","type-page","status-publish","has-post-thumbnail","hentry"],"_links":{"self":[{"href":"https:\/\/www.rcmsc.de\/cms\/wp-json\/wp\/v2\/pages\/3467","targetHints":{"allow":["GET"]}}],"collection":[{"href":"https:\/\/www.rcmsc.de\/cms\/wp-json\/wp\/v2\/pages"}],"about":[{"href":"https:\/\/www.rcmsc.de\/cms\/wp-json\/wp\/v2\/types\/page"}],"author":[{"embeddable":true,"href":"https:\/\/www.rcmsc.de\/cms\/wp-json\/wp\/v2\/users\/2"}],"replies":[{"embeddable":true,"href":"https:\/\/www.rcmsc.de\/cms\/wp-json\/wp\/v2\/comments?post=3467"}],"version-history":[{"count":6,"href":"https:\/\/www.rcmsc.de\/cms\/wp-json\/wp\/v2\/pages\/3467\/revisions"}],"predecessor-version":[{"id":3503,"href":"https:\/\/www.rcmsc.de\/cms\/wp-json\/wp\/v2\/pages\/3467\/revisions\/3503"}],"wp:featuredmedia":[{"embeddable":true,"href":"https:\/\/www.rcmsc.de\/cms\/wp-json\/wp\/v2\/media\/3500"}],"wp:attachment":[{"href":"https:\/\/www.rcmsc.de\/cms\/wp-json\/wp\/v2\/media?parent=3467"}],"curies":[{"name":"wp","href":"https:\/\/api.w.org\/{rel}","templated":true}]}}